{"id":269,"date":"2025-03-03T18:25:20","date_gmt":"2025-03-03T18:25:20","guid":{"rendered":"https:\/\/furn.mx\/?post_type=product&#038;p=269"},"modified":"2025-04-22T22:22:16","modified_gmt":"2025-04-22T22:22:16","slug":"blaze-ohe-23-sillon-operativo","status":"publish","type":"product","link":"https:\/\/staging.furn.mx\/index.php\/producto\/blaze-ohe-23-sillon-operativo\/","title":{"rendered":"Blaze OHE-23 \u2013 Sill\u00f3n Operativo"},"content":{"rendered":"<h3 data-start=\"6351\" data-end=\"6392\"><strong data-start=\"6355\" data-end=\"6390\">Blaze OHE-23 \u2013 Sill\u00f3n Operativo<\/strong><\/h3>\n<p>&nbsp;<\/p>\n<p data-start=\"288\" data-end=\"466\"><strong data-start=\"288\" data-end=\"304\">Descripci\u00f3n:<\/strong><br data-start=\"304\" data-end=\"307\" \/>Silla ergon\u00f3mica con respaldo medio, soporte lumbar ajustable y asiento acolchonado. Cuenta con sistema de ajuste en altura e inclinaci\u00f3n para mayor confort.<\/p>\n<p data-start=\"468\" data-end=\"483\"><strong data-start=\"468\" data-end=\"481\">Material:<\/strong><\/p>\n<ul data-start=\"484\" data-end=\"736\">\n<li data-start=\"484\" data-end=\"543\">Base de poliamida de alta densidad en color negro mate.<\/li>\n<li data-start=\"544\" data-end=\"588\">Respaldo en malla el\u00e1stica transpirable.<\/li>\n<li data-start=\"589\" data-end=\"689\">Asiento con espuma de poliuretano inyectado y tapizado en tela <strong data-start=\"654\" data-end=\"669\">OFFICE CREP<\/strong> (color a elegir).<\/li>\n<li data-start=\"690\" data-end=\"736\">Brazos ajustables de polipropileno r\u00edgido.<\/li>\n<\/ul>\n<p data-start=\"738\" data-end=\"749\"><strong data-start=\"738\" data-end=\"747\">Base:<\/strong><\/p>\n<ul data-start=\"750\" data-end=\"905\">\n<li data-start=\"750\" data-end=\"802\">Estrella plana pentagonal de 700 mm de di\u00e1metro.<\/li>\n<li data-start=\"803\" data-end=\"905\">Rodajas dobles de nylon con giro de 360\u00b0, ideales para movilidad en distintos tipos de superficie.<\/li>\n<\/ul>\n<p data-start=\"907\" data-end=\"1041\" data-is-last-node=\"\" data-is-only-node=\"\"><strong data-start=\"907\" data-end=\"921\">Uso ideal:<\/strong><br data-start=\"921\" data-end=\"924\" \/>Perfecta para oficinas y espacios de trabajo en interiores, proporcionando ergonom\u00eda y comodidad para uso prolongado.<\/p>\n<p>.<\/p>\n","protected":false},"excerpt":{"rendered":"<p data-start=\"0\" data-end=\"286\">La silla OHE-23 combina ergonom\u00eda y funcionalidad para brindar comodidad y soporte durante largas jornadas. Su dise\u00f1o con respaldo medio, soporte lumbar ajustable y tapizado en malla transpirable la convierten en una excelente opci\u00f3n para oficinas y espacios de trabajo.<\/p>\n<p data-start=\"288\" data-end=\"466\">\n","protected":false},"featured_media":270,"comment_status":"open","ping_status":"closed","template":"","meta":[],"product_brand":[40,37],"product_cat":[31],"product_tag":[43,48,42,36,47,32],"class_list":{"0":"post-269","1":"product","2":"type-product","3":"status-publish","4":"has-post-thumbnail","6":"product_brand-offiho-black","7":"product_brand-offiho","8":"product_cat-sillas-oficina","9":"product_tag-black","10":"product_tag-blaze","11":"product_tag-offiho","12":"product_tag-oficina","13":"product_tag-operativo","14":"product_tag-silla","16":"first","17":"instock","18":"taxable","19":"shipping-taxable","20":"purchasable","21":"product-type-simple"},"_links":{"self":[{"href":"https:\/\/staging.furn.mx\/index.php\/wp-json\/wp\/v2\/product\/269","targetHints":{"allow":["GET"]}}],"collection":[{"href":"https:\/\/staging.furn.mx\/index.php\/wp-json\/wp\/v2\/product"}],"about":[{"href":"https:\/\/staging.furn.mx\/index.php\/wp-json\/wp\/v2\/types\/product"}],"replies":[{"embeddable":true,"href":"https:\/\/staging.furn.mx\/index.php\/wp-json\/wp\/v2\/comments?post=269"}],"wp:featuredmedia":[{"embeddable":true,"href":"https:\/\/staging.furn.mx\/index.php\/wp-json\/wp\/v2\/media\/270"}],"wp:attachment":[{"href":"https:\/\/staging.furn.mx\/index.php\/wp-json\/wp\/v2\/media?parent=269"}],"wp:term":[{"taxonomy":"product_brand","embeddable":true,"href":"https:\/\/staging.furn.mx\/index.php\/wp-json\/wp\/v2\/product_brand?post=269"},{"taxonomy":"product_cat","embeddable":true,"href":"https:\/\/staging.furn.mx\/index.php\/wp-json\/wp\/v2\/product_cat?post=269"},{"taxonomy":"product_tag","embeddable":true,"href":"https:\/\/staging.furn.mx\/index.php\/wp-json\/wp\/v2\/product_tag?post=269"}],"curies":[{"name":"wp","href":"https:\/\/api.w.org\/{rel}","templated":true}]}}