{"id":640,"date":"2025-03-18T21:30:39","date_gmt":"2025-03-18T21:30:39","guid":{"rendered":"https:\/\/furn.mx\/?post_type=product&#038;p=640"},"modified":"2025-04-22T22:22:17","modified_gmt":"2025-04-22T22:22:17","slug":"fabrizia-ohv-129","status":"publish","type":"product","link":"https:\/\/staging.furn.mx\/index.php\/producto\/fabrizia-ohv-129\/","title":{"rendered":"Fabrizia OHV-129"},"content":{"rendered":"<p data-start=\"2494\" data-end=\"2788\">Gracias a su dise\u00f1o moderno y vers\u00e1til, el <strong data-start=\"2537\" data-end=\"2558\">OHM-41003 OHV-129<\/strong> es perfecto para una variedad de entornos interiores, tales como:<br data-start=\"2624\" data-end=\"2627\" \/>\u2705 <strong data-start=\"2629\" data-end=\"2662\">Oficinas y salas de reuniones<\/strong><br data-start=\"2662\" data-end=\"2665\" \/>\u2705 <strong data-start=\"2667\" data-end=\"2698\">\u00c1reas de espera y recepci\u00f3n<\/strong><br data-start=\"2698\" data-end=\"2701\" \/>\u2705 <strong data-start=\"2703\" data-end=\"2742\">Espacios comerciales y corporativos<\/strong><br data-start=\"2742\" data-end=\"2745\" \/>\u2705 <strong data-start=\"2747\" data-end=\"2786\">Hogares con un estilo contempor\u00e1neo<\/strong><\/p>\n<p data-start=\"2790\" data-end=\"2935\">Su combinaci\u00f3n de <strong data-start=\"2808\" data-end=\"2841\">dise\u00f1o, resistencia y confort<\/strong> lo convierten en una opci\u00f3n inmejorable para quienes buscan mobiliario de calidad superior.<\/p>\n","protected":false},"excerpt":{"rendered":"<p>Cuando se trata de elegir el mobiliario perfecto para oficinas, salas de espera o espacios comerciales, el <strong data-start=\"282\" data-end=\"310\">sill\u00f3n OHM-41003 OHV-129<\/strong> destaca por su combinaci\u00f3n de <strong data-start=\"341\" data-end=\"379\">elegancia, resistencia y comodidad<\/strong>. Su dise\u00f1o ergon\u00f3mico y su estructura de alta calidad lo convierten en una excelente opci\u00f3n para quienes buscan un asiento sofisticado y funcional.<\/p>\n","protected":false},"featured_media":639,"comment_status":"open","ping_status":"closed","template":"","meta":[],"product_brand":[40,37],"product_cat":[83],"product_tag":[84,43,58,42,49],"class_list":{"0":"post-640","1":"product","2":"type-product","3":"status-publish","4":"has-post-thumbnail","6":"product_brand-offiho-black","7":"product_brand-offiho","8":"product_cat-bancos","9":"product_tag-banco","10":"product_tag-black","11":"product_tag-fabrizia","12":"product_tag-offiho","13":"product_tag-visitante","15":"first","16":"instock","17":"taxable","18":"shipping-taxable","19":"purchasable","20":"product-type-simple"},"_links":{"self":[{"href":"https:\/\/staging.furn.mx\/index.php\/wp-json\/wp\/v2\/product\/640","targetHints":{"allow":["GET"]}}],"collection":[{"href":"https:\/\/staging.furn.mx\/index.php\/wp-json\/wp\/v2\/product"}],"about":[{"href":"https:\/\/staging.furn.mx\/index.php\/wp-json\/wp\/v2\/types\/product"}],"replies":[{"embeddable":true,"href":"https:\/\/staging.furn.mx\/index.php\/wp-json\/wp\/v2\/comments?post=640"}],"wp:featuredmedia":[{"embeddable":true,"href":"https:\/\/staging.furn.mx\/index.php\/wp-json\/wp\/v2\/media\/639"}],"wp:attachment":[{"href":"https:\/\/staging.furn.mx\/index.php\/wp-json\/wp\/v2\/media?parent=640"}],"wp:term":[{"taxonomy":"product_brand","embeddable":true,"href":"https:\/\/staging.furn.mx\/index.php\/wp-json\/wp\/v2\/product_brand?post=640"},{"taxonomy":"product_cat","embeddable":true,"href":"https:\/\/staging.furn.mx\/index.php\/wp-json\/wp\/v2\/product_cat?post=640"},{"taxonomy":"product_tag","embeddable":true,"href":"https:\/\/staging.furn.mx\/index.php\/wp-json\/wp\/v2\/product_tag?post=640"}],"curies":[{"name":"wp","href":"https:\/\/api.w.org\/{rel}","templated":true}]}}